{"id":20,"date":"2024-05-08T09:47:59","date_gmt":"2024-05-08T09:47:59","guid":{"rendered":"https:\/\/suspifines.com\/?page_id=20"},"modified":"2025-09-05T13:12:21","modified_gmt":"2025-09-05T13:12:21","slug":"contact","status":"publish","type":"page","link":"https:\/\/suspifines.com\/?page_id=20","title":{"rendered":"Bize ula\u015f\u0131n"},"content":{"rendered":"<p>Bu web sitesi Suspifines Ltd. \u015eti. m\u00fclkiyetindedir. Kullan\u0131c\u0131lar\u0131m\u0131za alakal\u0131 ve faydal\u0131 bilgiler sunmaya \u00e7al\u0131\u015f\u0131yoruz.<\/p>\n<p>\u015eirket Ad\u0131: Suspifines Ltd. \u015eti.<br \/>\nYasal adres: K\u00fctahya, Simav, Ta\u015flik, 43500, T\u00fcrkiye<br \/>\nE-posta: <a href=\"mailto:info@suspifines.com\">info@suspifines.com<\/a><br \/>\nTelefon: <a href=\"tel:+902181708522\">+902181708522<\/a><br \/>\nTeknik Direkt\u00f6r: G\u00f6kt\u00fcrk T\u00fct\u00fcnc\u00fc<br \/>\nKay\u0131t numaras\u0131: 18 800 133 2004<br \/>\nTescil makam\u0131n\u0131n ad\u0131: Ebru Tekand<br \/>\nTescil makam\u0131n\u0131n adresi: Aydin, Kuyucak, \u00c7obanisa, 09930, T\u00fcrkiye<\/p>\n<p><b>\u0130\u00e7erik i\u00e7in sorumluluk:<\/b><br \/>\nWeb sitemizde bulunabilecek \u00fc\u00e7\u00fcnc\u00fc taraf web sitelerine ba\u011flant\u0131lar\u0131n i\u00e7eri\u011finden sorumlu de\u011filiz. Bu t\u00fcr ba\u011flant\u0131lar\u0131n i\u00e7eri\u011fine ili\u015fkin t\u00fcm sorumluluk sahiplerine aittir. Sitemizde sa\u011flanan bilgilerin kullan\u0131m\u0131ndan kaynaklanan do\u011frudan veya dolayl\u0131 hi\u00e7bir zarardan sorumlu de\u011filiz.<\/p>\n<p><b>Telif hakk\u0131:<\/b><br \/>\nMetin, resim, grafik, tasar\u0131m ve yaz\u0131l\u0131m dahil olmak \u00fczere web sitemizdeki t\u00fcm materyaller telif hakk\u0131 ile korunmaktad\u0131r. Telif hakk\u0131 sahibinin izni olmadan kullan\u0131lmas\u0131 veya da\u011f\u0131t\u0131lmas\u0131 yasakt\u0131r.<\/p>\n<p><b>\u0130leti\u015fim Bilgileri:<\/b><br \/>\nWeb sitemiz veya \u015firketimizle ilgili herhangi bir sorunuz veya yorumunuz varsa l\u00fctfen yukar\u0131da listelenen ileti\u015fim bilgilerini kullanarak bizimle ileti\u015fime ge\u00e7in.<\/p>\n<p><b>Gizlilik Politikas\u0131:<\/b><br \/>\nGizlili\u011finize sayg\u0131 duyuyor ve ki\u015fisel bilgilerinizi koruyoruz. Daha fazla bilgi i\u00e7in l\u00fctfen gizlilik politikam\u0131za bak\u0131n.<\/p>\n","protected":false},"excerpt":{"rendered":"<p>Bu web sitesi Suspifines Ltd. \u015eti. m\u00fclkiyetindedir. Kullan\u0131c\u0131lar\u0131m\u0131za alakal\u0131 ve faydal\u0131 bilgiler sunmaya \u00e7al\u0131\u015f\u0131yoruz. \u015eirket Ad\u0131: Suspifines Ltd. \u015eti. Yasal adres: K\u00fctahya, Simav, Ta\u015flik, 43500, T\u00fcrkiye E-posta: info@suspifines.com Telefon: +902181708522&hellip;<\/p>\n","protected":false},"author":1,"featured_media":0,"parent":0,"menu_order":0,"comment_status":"closed","ping_status":"closed","template":"","meta":{"footnotes":""},"class_list":["post-20","page","type-page","status-publish","hentry"],"_links":{"self":[{"href":"https:\/\/suspifines.com\/index.php?rest_route=\/wp\/v2\/pages\/20","targetHints":{"allow":["GET"]}}],"collection":[{"href":"https:\/\/suspifines.com\/index.php?rest_route=\/wp\/v2\/pages"}],"about":[{"href":"https:\/\/suspifines.com\/index.php?rest_route=\/wp\/v2\/types\/page"}],"author":[{"embeddable":true,"href":"https:\/\/suspifines.com\/index.php?rest_route=\/wp\/v2\/users\/1"}],"replies":[{"embeddable":true,"href":"https:\/\/suspifines.com\/index.php?rest_route=%2Fwp%2Fv2%2Fcomments&post=20"}],"version-history":[{"count":4,"href":"https:\/\/suspifines.com\/index.php?rest_route=\/wp\/v2\/pages\/20\/revisions"}],"predecessor-version":[{"id":1385,"href":"https:\/\/suspifines.com\/index.php?rest_route=\/wp\/v2\/pages\/20\/revisions\/1385"}],"wp:attachment":[{"href":"https:\/\/suspifines.com\/index.php?rest_route=%2Fwp%2Fv2%2Fmedia&parent=20"}],"curies":[{"name":"wp","href":"https:\/\/api.w.org\/{rel}","templated":true}]}}